).
-2
Let z = -6815 - -6819. Let i(g) = -5*g + 31. Calculate i(z).
11
Let q(u) = -u**2 - 4*u - 38. Suppose -2*w = -2*n + 4, 2*w + 48 - 44 = 3*n. What is q(n)?
-38
Let d(l) be the first derivative of 15*l**2/2 - 11*l + 212. Let h(a) = -7*a + 14*a - 6 + 1. Let v(n) = 6*d(n) - 13*h(n). Give v(5).
-6
Let m(y) = -7*y - y**3 + 4 + y**2 - 10*y**2 + 2. Let t be (-1*18/24)/(3/(-8)). Suppose -3*a + 7 = o, 3*o + t*a = -17 + 3. Determine m(o).
-2
Suppose 0 = 2*k + 3*k. Suppose 6*a - a - 30 = k. Let r(i) be the first derivative of -i**2/2 + 5*i + 208. Determine r(a).
-1
Let a(q) be the third derivative of 0 - 1/24*q**4 + 27*q**2 + 5/6*q**3 + 0*q. Let f(x) = -x + 19. Let g be f(12). Give a(g).
-2
Let q(c) = 14*c**2 + 82*c - 38. Let a(g) = 5*g**2 + 29*g - 13. Let h(b) = -17*a(b) + 6*q(b). Determine h(3).
-19
Let w be (2/(-6))/(-3 - (-968)/330). Let t(z) = -3*z**2 + 18*z - 2. Determine t(w).
13
Suppose 2*v + 69 = -3*x, -14*v + 10*v = -x - 51. Let r(n) = -n**2 - 28*n - 10. Calculate r(x).
17
Let p(c) be the first derivative of c**4/8 + 13*c**3/3 + 103*c**2 - 217. Let i(x) be the second derivative of p(x). Determine i(-9).
-1
Suppose -a - 9 = -13. Suppose -4*d + 0 = a. Let s be (d/(-3))/((5 - 6)/(-6)). Let b(v) = 4*v. What is b(s)?
8
Let l(r) = 13*r**2 - 76*r + 78. Let h be l(1). Suppose 2*k + 58 = 4*o, o + 4*k = 29 - 1. Let a(p) = -1 + 1 - o*p - 1 + h*p. Calculate a(0).
-1
Let t(z) = -z**2 - 1. Let q(y) = 3*y**2 + 10*y + 14. Let h(w) = -q(w) - 2*t(w). Suppose 5*p = -2*d - 77, -7*d + p + 37 = -8*d. Let x = d + 28. Determine h(x).
4
Let z(i) = 13*i**3 + 2*i**2 + 5*i + 4. Suppose 49*k + l + 6 = 47*k, 4*k + 24 = -5*l. Calculate z(k).
-12
Let c = 71 + -69. Let j(g) = -158*g**c + 9*g + 3*g + 157*g**2 - 3 + 0*g. Give j(12).
-3
Let w(i) = -i**2 - 1. Let j(c) = c**3 - 13*c**2 - 2. Let d(l) = -j(l) + 6*w(l). Let z = -58078 + 58085. What is d(z)?
-4
Let a(l) = -l**3 - 11*l**2 - 22*l - 6. Let f(q) = 2*q**2 - 3*q - 470. Let s be f(16). Give a(s).
-54
Let r be (-32)/(-176) + 864/88. Let z(k) = 3*k - 29. Give z(r).
1
Let a = -50056 + 50067. Let c(v) = -v**2 - 14*v + 13. Let b(z) = 2*z**2 + 15*z - 14. Let s(m) = 2*b(m) + 3*c(m). Give s(a).
0
Suppose -1 = -t, -4*n + t - 2*t = -357. Let q = 91 - n. Let m(a) = -2*a + 2*a + 4*a**2 - a + q*a. What is m(1)?
5
Let k(r) be the second derivative of -r**5/20 - 13*r**4/12 - 13*r**3/3 + 4*r**2 - 2786*r. Determine k(-11).
52
Let g(j) = 12*j**3 - 6*j**2 + 3*j + 8. Let m(r) = 12*r**3 - 7*r**2 + 4*r + 10. Let d(b) = -6*g(b) + 5*m(b). Determine d(-1).
13
Suppose -178 = -12*x - 3*x - 103. Let t(y) = -4*y - 5*y - y**3 + 4*y + 10 - y + 6*y**2. Calculate t(x).
5
Let w(t) = 0*t + 2*t + 349*t**3 - 717*t**3 + 367*t**3. Suppose 0 = -0*m + 3*m - 18. Suppose 5*a = -16 + m. What is w(a)?
4
Suppose 60*c = 59*c + 3. Let h(a) = -18 + a - 10 + c. What is h(12)?
-13
Let z(d) = 711*d + 3 - 718*d - 16 + 21 - d**2. Determine z(-7).
8
Let r(a) = 2*a**2 - 80*a + 550. Suppose 218*y - 4*c - 17 = 213*y, 2*c = -y + 23. Give r(y).
-8
Suppose -14*a + 12*a = -4. Let g be (-4 - -3 - 3 - -2)*a. Let l(n) = n**3 + 5*n**2 + 2*n - 5. Calculate l(g).
3
Let w(g) = -7*g. Let l(a) = 3*a. Suppose 49*b - 8 = 51*b. Let m(y) = b*w(y) - 9*l(y). Determine m(0).
0
Let n(o) be the third derivative of 5*o**4/24 + 17*o**3/3 - 7*o**2. Let c be n(-7). Let w(a) = -5*a**3 - a**2 - a - 1. Give w(c).
4
Suppose -34*a = -60*a - 182. Let j(h) = -h**3 - 6*h**2 + 4*h + 3. Determine j(a).
24
Let p(x) be the third derivative of -x**6/120 + 7*x**5/30 + 71*x**4/24 + 4*x**3 - 4307*x**2. What is p(18)?
6
Let x(d) = -d**3 - 7*d**2 + d + 21. Let s be x(-2). Let o(c) be the third derivative of c**5/15 - c**4/24 - c**3/6 + c**2. Determine o(s).
4
Let l(m) = -m**3 - 5*m**2 + 2*m - 12. Suppose -2*c = -49*d + 44*d - 35, -4*d = 4*c. Calculate l(d).
-22
Let a be 205/(-10)*2*-2. Let b(o) = o + 40 + 49 - a. Determine b(13).
20
Let y = -116 + 120. Let q(o) = 5 + 2*o + o**2 - 8*o**2 - 8 + y*o**2 + o**3. Determine q(4).
21
Let k(i) = i**2 + 4*i - 18. Let q = -246 - -239. Let h be k(q). Let s(y) = y**2 - 7*y + 3. Calculate s(h).
-9
Let b(z) = 2*z**2 - 21*z**3 + 10*z**2 - 125*z**3 + 15*z + 147*z**3 + 41. What is b(-11)?
-3
Let s = 105 - -91. Let p = 204 - s. Let y(h) = -h**2 + 9*h - 8. Determine y(p).
0
Let q(c) be the second derivative of c**3/6 - 3*c. Let k be 1/5 - (-8 + (-104)/(-20)). Let n be 2 + -2 - (1 - k). What is q(n)?
2
Suppose 25 = 3*b + 3*y + y, -4*y = 2*b - 22. Let s(d) = -5 + b - 1 - 2*d + d. What is s(-5)?
2
Let a(p) = p**3 - 6*p**2 - 5*p + 20. Let n(b) = 3*b**3 - 12*b**2 - 11*b + 42. Let i(s) = -5*a(s) + 2*n(s). Determine i(-7).
-86
Let y(r) be the second derivative of r**3/6 - 6*r**2 + r. Suppose -112*i + 7911 = 7351. Calculate y(i).
-7
Let y(u) be the third derivative of 3 + 0*u - 1/24*u**4 - 1/120*u**6 + 8*u**2 + 1/60*u**5 - 19/6*u**3. Let k be 2/(-4)*(-3 + 3). Calculate y(k).
-19
Let z(n) = 4*n + 1. Let w = 329 + -185. Suppose -a + w = 5*a. Let p = a - 26. What is z(p)?
-7
Let z(u) = 146*u**2 - u - 2. Suppose -2871*w = -2970*w - 99. Give z(w).
145
Let n be -1*(-9 + 8/4). Let y(l) = -4*l**3 - 3*l**2 - 7*l + 3*l**3 + 4*l**2 + 6 + 7*l**2. Let q be y(n). Let c(k) = k**3 - 5*k**2 - 6*k - 5. Determine c(q).
-5
Let q(g) = g - 4. Suppose -3*r + 60 = 4*u - 2*r, -54 = -5*u + 4*r. Suppose -u = -h - 3. What is q(h)?
7
Suppose 2*i + 187 = 319. Let k be i/1023 + (-246)/(-31). Let d(x) = 2*x - 8. Calculate d(k).
8
Let q = 0 + 1. Let d(l) be the first derivative of l**4/2 - l**3/3 + l**2/2 - l + 65836. What is d(q)?
1
Let j(n) = 23*n**3 - 2*n**2 + 15*n - 16. Let h(x) = 265*x**3 - 23*x**2 + 166*x - 178. Let q(v) = 2*h(v) - 23*j(v). What is q(0)?
12
Suppose -54*i + 483 + 520 = 85. Let u(p) be the first derivative of i - 7/3*p**3 - 7/2*p**2 + 0*p + 1/4*p**4. Give u(8).
8
Suppose -51*i - 42 = -58*i. Let j(y) = i + 46*y - 18*y - 25*y - y**2. What is j(7)?
-22
Let a(n) = 4*n**2 - 5*n + 7. Suppose 215*i = 206*i + 18. What is a(i)?
13
Let s = -1022 - -2131. Let z(f) = -10 + 556*f + 1 + 555*f - s*f. Determine z(6).
3
Suppose -665*k = -318*k - 302*k. Let a(m) = -m**3 + 3*m + 2. Calculate a(k).
2
Let k(d) = 5*d**2 - 15*d + 12. Let l = -172 - -174. Let n(i) = -7*i**2 + 16*i - 13. Let q(j) = l*n(j) + 3*k(j). Determine q(13).
10
Let d(a) be the third derivative of a**6/120 + 19*a**5/60 + 19*a**4/24 + 3869*a**2. Give d(-18).
-18
Let t(x) be the third derivative of 1/120*x**6 + 0*x + 0 + 2/3*x**3 + 1/6*x**5 + 1/24*x**4 + 19*x**2. Calculate t(-10).
-6
Let u(y) = -y + 6. Suppose -2*l + 35 = 3*l. Let q be u(l). Let z be ((-1 + q)*-5)/(7 + -5). Let s(d) = d**3 - 6*d**2 + 3*d - 3. Determine s(z).
-13
Let o(a) = a**3 + 7*a**2 + 5*a + 2. Let k(v) = v**3 + 3*v**2 - 6*v + 2. Let s be k(2). Suppose 4*u + 0*u = -5*q - 38, -3*q + 4*u - s = 0. Calculate o(q).
8
Let x(w) = w**3 - 24*w. Let y(b) = -7*b**3 - 5*b**2 + 134*b - 19. Let s(k) = 6*x(k) + y(k). What is s(-4)?
5
Suppose 2*u - 3*u - 5 = 0. Let k(h) = -16*h + 4 + 41*h - 10 - 13*h - 11*h. Let n be k(u). Let t(j) = j**2 + 10*j - 12. Calculate t(n).
-1
Let b(j) = -j**3 - 13*j**2 - 21*j - 6. Suppose 3*l - 3*g + 17 = g, -60 = 4*l + 4*g. What is b(l)?
-17
Suppose 5*o + n + 19 = 4*n, -13 = -o - 5*n. Let g(a) = 3*a + 1. Let q(h) = h**2 + 15*h + 4. Let b(x) = o*q(x) + 11*g(x). Let y = -1 - -5. Give b(y).
-17
Suppose -6 = 2*o - o. Let u = -3 - o. Let d(s) be the second derivative of -s**5/20 + s**4/4 - s**3/6 + s**2/2 + 5*s + 50. What is d(u)?
-2
Suppose -40*r - 480 = -64*r. Let t(h) = 2*h**3 - 39*h**2 - 19*h - 9. Determine t(r).
11
Let p(z) = -3*z**3 + z**2 + 5*z - 4. Let o(i) = -4*i**3 + i**2 + 8*i - 7. Let g(d) = 4*o(d) - 5*p(d). What is g(3)?
-23
Let g = -3 + 1. Let f be 5/(-5)*(-1 + -2 + 1). Let r(a) = -1 - 2*a + 3 + 1042*a**f - 1044*a**2. Give r(g).
-2
Suppose 5*r - 1293 = 8*n - 5*n, -3*r + 5*n + 763 = 0. Let o(i) = -3 + r*i - 262*i + 4. Calculate o(-2).
3
Let s(n) be the second derivative of -n**4/12 - 7*n**3/6 - 7*n**2/2 - 3*n. Let g(t) = 113*t + 5191. Let v be g(-46). Determine s(v).
-7
Let t(r) = 5*r**2 - 13*r + 2. Let o(k) = 6*k**2 - 13*k + 4. Let n(d) = -4*o(d) + 5*t(d). What is n(17)?
62
Let n(r) = 4*r - 49. Let i be n(12). Let s(d) = -198 + 101 + 96 + 5*d. Give s(i).
-6
Let z(b) = 12*b**3 + 3*b**2 + 4. Let p(v) = -4*v**3 - v**2 - 1. Let c(h) = -7*p(h) - 2*z(h). Suppose 0 = -0*f - 3*